{"version":"1.0","provider_name":"Manag&#039;Art","provider_url":"https:\/\/manag-art.com\/en\/","title":"Manag'Art was at the International Jazz Platform! - Manag&#039;Art","type":"rich","width":600,"height":338,"html":"<blockquote class=\"wp-embedded-content\" data-secret=\"LG9yxrLmUJ\"><a href=\"https:\/\/manag-art.com\/en\/managart-was-at-the-international-jazz-platform\/\">Manag&#8217;Art was at the International Jazz Platform!<\/a><\/blockquote><iframe sandbox=\"allow-scripts\" security=\"restricted\" src=\"https:\/\/manag-art.com\/en\/managart-was-at-the-international-jazz-platform\/embed\/#?secret=LG9yxrLmUJ\" width=\"600\" height=\"338\" title=\"&#8220;Manag&#8217;Art was at the International Jazz Platform!&#8221; &#8212; Manag&#039;Art\" data-secret=\"LG9yxrLmUJ\" frameborder=\"0\" marginwidth=\"0\" marginheight=\"0\" scrolling=\"no\" class=\"wp-embedded-content\"><\/iframe><script type=\"text\/javascript\">\n\/* <![CDATA[ *\/\n\/*! This file is auto-generated *\/\n!function(d,l){\"use strict\";l.querySelector&&d.addEventListener&&\"undefined\"!=typeof URL&&(d.wp=d.wp||{},d.wp.receiveEmbedMessage||(d.wp.receiveEmbedMessage=function(e){var t=e.data;if((t||t.secret||t.message||t.value)&&!\/[^a-zA-Z0-9]\/.test(t.secret)){for(var s,r,n,a=l.querySelectorAll('iframe[data-secret=\"'+t.secret+'\"]'),o=l.querySelectorAll('blockquote[data-secret=\"'+t.secret+'\"]'),c=new RegExp(\"^https?:$\",\"i\"),i=0;i<o.length;i++)o[i].style.display=\"none\";for(i=0;i<a.length;i++)s=a[i],e.source===s.contentWindow&&(s.removeAttribute(\"style\"),\"height\"===t.message?(1e3<(r=parseInt(t.value,10))?r=1e3:~~r<200&&(r=200),s.height=r):\"link\"===t.message&&(r=new URL(s.getAttribute(\"src\")),n=new URL(t.value),c.test(n.protocol))&&n.host===r.host&&l.activeElement===s&&(d.top.location.href=t.value))}},d.addEventListener(\"message\",d.wp.receiveEmbedMessage,!1),l.addEventListener(\"DOMContentLoaded\",function(){for(var e,t,s=l.querySelectorAll(\"iframe.wp-embedded-content\"),r=0;r<s.length;r++)(t=(e=s[r]).getAttribute(\"data-secret\"))||(t=Math.random().toString(36).substring(2,12),e.src+=\"#?secret=\"+t,e.setAttribute(\"data-secret\",t)),e.contentWindow.postMessage({message:\"ready\",secret:t},\"*\")},!1)))}(window,document);\n\/* ]]> *\/\n<\/script>\n","thumbnail_url":"https:\/\/manag-art.com\/wp-content\/uploads\/2021\/07\/DSC0100.jpg","thumbnail_width":2048,"thumbnail_height":1366,"description":"Judyth had the opportunity to participate to the International Jazz Platform, which took place in \u0141\u00f3d\u017a (Poland) between 17 and 23 July of this year and was the second step of the Footprint program. The week is organised around meetings, concerts and working sessions with..."}

Judyth had the opportunity to participate to the International Jazz Platform, which took place in Łódź (Poland) between 17 and 23 July of this year and was the second step of the Footprint program. The week is organised around meetings, concerts and working sessions with...
